- 4*y + 180. Suppose 5*s + w = -5*c + 724, 3 = 3*s. What is the remainder when c is divided by 27?
26
Suppose -12*n + 7*n + 5*b = -4105, -5*b = 5. What is the remainder when n is divided by 207?
199
Suppose 4*z + 0*z = -2*z. Suppose -p - 2*p = -3*g + 18, z = -2*g - 4*p + 12. What is the remainder when -1*6/2*(-128)/g is divided by 13?
12
Let k(n) = n - 6. Let b be k(6). Let s be 14/4*30/35. Suppose s*h + 3*l - 105 = 0, b = 2*h + 5*l - 2*l - 73. What is the remainder when 123 is divided by h?
27
Let p(z) = -10*z - 16. Let o be p(-1). Calculate the remainder when 988/8*(-4 - o) is divided by 83.
81
Let m(z) = 184*z + 1308. Calculate the remainder when 1790 is divided by m(-7).
10
Let x be 2*4/(6 + -4). Suppose 5*c - 317 = -4*u, 2*c - x*u - 95 - 43 = 0. What is the remainder when 249 is divided by c?
54
Let t = -105 - -137. Suppose 2*k = 3*s + t + 41, 3*s = 9. Calculate the remainder when 142 is divided by k.
19
Let d(q) = -2*q - 46. Let x be d(0). Let v = x + 135. What is the remainder when v is divided by 4?
1
Let r be (3/(-3) - 100)*2/(-2). Suppose 2*w = -f + 51, -32 - r = -3*f - w. Let d(j) = 6*j**2 + 4*j + 4. Calculate the remainder when d(-4) is divided by f.
41
Let n(d) = -d**2 - 11*d + 78. Let r be n(-16). What is the remainder when 47444/261 + r*(-2)/18 is divided by 37?
34
Suppose 958*m + 3264 = -917*m + 1939*m. Let v(t) = 2*t**2 + 7*t + 3. What is the remainder when m is divided by v(-5)?
15
Let d(o) be the third derivative of -5*o**4/6 - 13*o**3/3 + 157*o**2. Calculate the remainder when d(-7) is divided by 63.
51
Suppose 4*h + 69 = 249. Suppose -u + 5 = 19*p - 18*p, -p - 37 = -5*u. Suppose 73 - 199 = -u*m. What is the remainder when h is divided by m?
9
Let z(d) = d**3 + 6*d**2 - 7. What is the remainder when 25/((-10)/(-2)) - (-472)/8 is divided by z(-5)?
10
Calculate the remainder when 1*(-3743)/76*-4 is divided by 9.
8
Let u(l) = -11*l + 6. Let p be u(-1). Suppose -p*r + 1487 - 586 = 0. What is the remainder when r is divided by 4?
1
Let o(g) = -62*g + 152. Let s be o(2). Suppose -s*i - 792 = -40*i. What is the remainder when 194 is divided by i?
62
Let j(f) = 1706*f - 2616. Calculate the remainder when j(2) is divided by 251.
43
Suppose -500 = -45*j - 40*j + 80*j. What is the remainder when 493 is divided by j?
93
Let f(d) = 11*d**3 + 72*d**2 + 4*d + 19. Calculate the remainder when 597 is divided by f(-6).
175
Suppose 5*i - 936 + 219 = -3*g, -5*g - 262 = -2*i. Let k = 198 - i. Calculate the remainder when k is divided by 8.
1
Let q(t) = -2*t**2 + 15*t + 213. Calculate the remainder when 165 is divided by q(14).
10
Calculate the remainder when (-12)/(-9) + -1 + (-620844)/(-36) is divided by 14.
12
Let o = -6948 - -12435. Calculate the remainder when o is divided by 14.
13
Suppose 0 = -11*r + 18379 - 17763. Calculate the remainder when 1607 is divided by r.
39
Suppose 0 = -20*b + 12*b - 48. What is the remainder when 73 is divided by ((-4)/b)/((-6)/9)*-22?
7
What is the remainder when (1 - -1)*(-9*(7 + -6) - -50) is divided by 68?
14
Suppose -z = -2*z + 29. Suppose -27*h - 44 = -z*h. Let l = -9 - -94. Calculate the remainder when l is divided by h.
19
Let l = 46 + -25. Let a be 3/2*26908/93. Let c = a + -375. Calculate the remainder when c is divided by l.
17
Calculate the remainder when (-7)/(21/(-20))*34935/340 is divided by 136.
5
Let i = 15392 + -15384. What is the remainder when 395 is divided by i?
3
Let v(x) = -6*x**3 - x**2 + 3*x + 4. Let f be v(-1). Let a be -1 + f/3 + -34. Calculate the remainder when 0 + 0 + a/((-12)/4) is divided by 7.
4
Let i(b) = 101*b - 96. Let n = -318 - -360. What is the remainder when i(3) is divided by n?
39
Let m = 22 + -6. Suppose -5*w + 2*z = 46, 0 = z - 5*z + 12. What is the remainder when (1 + 3)/(w/(-52)) is divided by m?
10
Let r(d) = 39*d**2 + 222*d - 447. Calculate the remainder when 154 is divided by r(2).
1
Suppose 0 = 4*g + 5*y - 251, 7*g - 8*g - 5*y + 59 = 0. Calculate the remainder when 253 is divided by g.
61
Let z = -12610 - -13485. Calculate the remainder when z is divided by 91.
56
What is the remainder when 17 - 660/36 - 1777/(-3) is divided by 7?
3
Suppose -39*p - 8772 = -44*p - 3*d, 4*p + 2*d = 7020. What is the remainder when p is divided by 32?
30
Let j = 832 + -834. Calculate the remainder when j/18 + (-34799)/(-207) is divided by 17.
15
Let x(r) = -r**3 + 266*r + 512. Calculate the remainder when x(0) is divided by 21.
8
Suppose 3*n + i = -0*i + 48, -3*n + 2*i = -39. Suppose 22*p - 3330 = -n*p. Calculate the remainder when 358 is divided by p.
88
Let a(b) = -2*b + 2 + 6*b - 1 + 0*b. What is the remainder when a(8) is divided by 150/175 + (156/14 - 0)?
9
Suppose 38*x = -2*x + 3920. Let m = x + -45. Calculate the remainder when m is divided by 18.
17
Suppose 4*d - 3*y = -0*d + 243, 2*y = -d + 69. Calculate the remainder when 1025*3/7 + 2500/(-175) + 14 is divided by d.
61
Suppose 5*p - 380 = 295. Calculate the remainder when p is divided by (-84)/(-15)*(-15)/(-6).
9
Suppose -2*w = 3*j - 3345, 4*j = -3*w + 7*w + 4440. Let q = 25 + -13. What is the remainder when j is divided by q?
9
Let k(i) = -131*i + 518. What is the remainder when k(-3) is divided by 17?
10
Let h = -43 - -43. Suppose h = 4*t - 1 + 21. What is the remainder when (-115)/t + -3 - 0 is divided by 8?
4
Let l(b) = -2*b - 1. Let p be l(-3). Suppose -99 + 39 = -p*r. Let n = r + -7. Calculate the remainder when 15 is divided by n.
0
Let s(y) = y**2 - 19*y - 27. Let g = 989 + -980. Calculate the remainder when s(21) is divided by g.
6
Suppose 0*m + 2*m - 102 = 0. Let f(i) be the first derivative of i**4/2 - 19*i**3/3 + 7*i**2/2 + 24*i + 84. What is the remainder when m is divided by f(9)?
3
Suppose -241 - 125 = -14*o - 2. Suppose 0 = 3*a + 9, -4*j + 2*a = 7*a - 353. What is the remainder when j is divided by o?
14
Suppose 5*z + m + 3*m = -1519, 5*z - 3*m + 1547 = 0. Let i = -86 - z. What is the remainder when i is divided by 56?
53
Suppose 3*s + 2*p = 1388 + 150, 4*p - 2566 = -5*s. Calculate the remainder when s is divided by 93.
45
Let a = 275849 - 275838. Suppose -121 = -5*n + 34. What is the remainder when n is divided by a?
9
Suppose -43*q + 15083 = -7*q - 14509. What is the remainder when q is divided by 3?
0
Suppose -5*z + 3*n + 5857 = 0, 78*z - 4700 = 74*z + 4*n. What is the remainder when z is divided by 56?
46
Let w be (-4)/3 + (-39382)/(-291). Suppose f = 2*p - 25, 139*p - w*p = 3*f + 62. What is the remainder when 88 is divided by p?
10
Let t be 1/4 - (-7)/(-8)*-562. Suppose -10*j - t = -1362. Suppose -5*o + 113 = 2*a, -3*a - 4*o + 112 + 40 = 0. Calculate the remainder when j is divided by a.
43
Let m(o) = 6*o**2 - 73*o - 460. What is the remainder when m(27) is divided by 139?
136
Let d(w) be the first derivative of -35*w**2/2 + 26*w - 23. Let h be d(-10). Suppose -4*s + h = 4*s. What is the remainder when 185 is divided by s?
44
Suppose 0 = 3*c - 11*i + 14*i - 204, 4*c - 4*i - 280 = 0. Calculate the remainder when 396 is divided by c.
51
Let v(h) = -8 + 3*h + h + 7*h**2 - 6*h + 93*h**2. What is the remainder when v(2) is divided by 15?
13
Let m be (2 - 3)*(15 + 0) + 1. Let p be -2*4/8 + m. What is the remainder when 18 is divided by (((-12)/(-18))/((-1)/p))/2?
3
Suppose -4*s + p = -3*s - 14, -6 = -s - p. Suppose -s*k - 35 = -15*k. Calculate the remainder when 72 is divided by k.
2
Let o(t) = 8*t + 18*t - 30*t. Let z be o(5). What is the remainder when z/((-1)/(3/6)) is divided by 3?
1
Suppose 0 = x + 3*a - 317, 0 = -5*x - 3*a - 221 + 1818. Suppose 0 = z - 3*z + 2*l + 212, 0 = 3*z - 4*l - 320. Calculate the remainder when x is divided by z.
8
Let w = -23464 - -24771. Calculate the remainder when w is divided by 63.
47
Let o = -2683 - -3125. What is the remainder when o is divided by 158?
126
Let l = -164 + 176. Let d = 353 - 291. Calculate the remainder when d is divided by l.
2
Let v(k) = 721*k**2 + 2*k + 1. Let f be v(-1). Suppose -7*u + 2 = -40. Calculate the remainder when ((-3)/u)/((-5)/f) + -3 is divided by 10.
9
Suppose -2*a - 4*k = -38, k = 3*a + 6*k - 52. Suppose 0 = 11*s - a*s - 94. Let g(z) = z**3 - z**2 + 89. What is the remainder when g(0) is divided by s?
42
Let h = 703 - 699. Suppose 4*w - 124 = -3*c, -3*c - h*w = w - 128. Calculate the remainder when 211 is divided by c.
31
Suppose